 (8 + -5)) + 47. What is the highest common factor of u and 24?
4
Suppose 2*r - 14 = 8. Let k(g) be the first derivative of 23*g**3/3 + g**2/2 - 2*g - 3. Let u be k(-2). Calculate the greatest common factor of u and r.
11
Let q be 4*(-13 - 2 - -3). Let s be (1 - -34)*(2 + q/30). What is the greatest common factor of s and 42?
14
Let a be (378/(-1134))/(0 + 1/(-267)). What is the highest common factor of a and 2?
1
Let r = -22 + 26. Suppose q + r*d = -3*q + 244, d + 239 = 4*q. Suppose 4*u + p - 76 = 0, 4*u - 84 = -0*p + p. Calculate the greatest common divisor of u and q.
20
Let v = 36 + -32. Suppose -7 = -t + v. Calculate the highest common divisor of 1 and t.
1
Let l = 13 + -3. Let y = 297 - 257. What is the highest common divisor of y and l?
10
Let w(s) = s - 6. Let f be w(8). Suppose 0 = 8*x + 11*x - 228. What is the highest common divisor of x and f?
2
Let h = -63 + 90. Let k = h - 1. Calculate the greatest common divisor of k and 26.
26
Let v be (-23)/(-7) + 14/(-49). Suppose -v*c = 2*c + 5*u - 65, 3*c + u = 45. Calculate the highest common factor of c and 4.
4
Suppose -3*j + p - 9 + 22 = 0, -j - 5*p + 31 = 0. What is the greatest common factor of 6 and j?
6
Let o(d) = 3*d - 16. Let k be o(8). Suppose k = 77*i - 73*i. Calculate the highest common factor of 4 and i.
2
Let m(b) = 2*b**2 + 69*b - 100. Let g be m(-40). What is the greatest common divisor of 40 and g?
20
Let x(l) = -l + 7. Let w be x(-17). Let y = 105 + 51. Suppose 0 = -r + 4*c + 56, -r + 3*r + 3*c - y = 0. What is the greatest common factor of r and w?
24
Suppose -287 = 12*q - 1043. What is the greatest common factor of 273 and q?
21
Suppose 3*j - 2*o + 5*o + 51 = 0, -j = 4*o + 2. Let y be -1 + (-78)/(-66) - 436/j. Calculate the greatest common divisor of 10 and y.
10
Let t be 263 + 15/3*4/(-5). Calculate the greatest common factor of 7 and t.
7
Let u(y) = 4*y**2 + y - 4. Let p be u(-2). Calculate the greatest common factor of p and 710.
10
Let j = -579 + 619. What is the highest common factor of 184 and j?
8
Suppose 0 = 5*p - s - 101, -5*s = p + 2*p - 55. Let w be 43/1 - (4 + -4 - 7). What is the highest common factor of w and p?
10
Let n be 13/(-4) - 4/(-16). Let j be 0/(-4) - 8*n/3. What is the highest common divisor of 4 and j?
4
Let c = 1610 + -1495. What is the highest common divisor of c and 46?
23
Let q = 78 - 26. Suppose -24*k + q = -20*k. Let l be 6*(-2 + 129/6). What is the highest common factor of l and k?
13
Let b = 64 - 44. Suppose -57 = -4*r + 143. Calculate the highest common factor of b and r.
10
Let m(n) = -2*n**2 + 6*n - 1. Let s be m(6). Let k = s + 41. Suppose -3*v = -10 + k. Calculate the highest common divisor of v and 16.
2
Let i(l) = -226*l**3 + 13*l**2 + 5*l + 4. Let s be i(-2). Calculate the highest common factor of 18 and s.
18
Let i = -141 + 154. Calculate the greatest common divisor of 156 and i.
13
Suppose -5*w + 2*n + 100 = 0, -6*w + w + 4*n = -100. Let p = 88 + 12. Calculate the greatest common factor of w and p.
20
Let u(j) = -j**3 + 26*j**2 - 70*j + 43. Let c be u(23). Calculate the highest common factor of 90 and c.
10
Suppose -4*m + 3*k - 460 = 0, -5*m - 3*k - 148 = 400. Let u = m - -126. Calculate the greatest common factor of 294 and u.
14
Let l = 51 + -49. Suppose -4*o = -12, g - l*g = 3*o - 119. Calculate the greatest common factor of 10 and g.
10
Let h = -36 - -59. Let n = 153 + -15. What is the greatest common factor of n and h?
23
Let m(v) = -v**2 + 5. Let q be m(0). Suppose 0 = -q*i - 2*o + 278, 4*i - 2*o + o = 212. Calculate the highest common divisor of 6 and i.
6
Suppose 0 = -0*p - 4*p + d + 52, -5*d + 4 = 2*p. Let u be 340/16 + 9/p. What is the greatest common divisor of 55 and u?
11
Suppose 4*j = 5*j - 4. Suppose 0 = j*u - 0*u - 20. Calculate the greatest common factor of 45 and u.
5
Let t(r) = -r - 2. Let f be t(-8). Let o be 1742/f + (20/12 - 2). What is the highest common divisor of o and 29?
29
Let t be (-772)/(-16) - (-1)/(-4). Calculate the highest common factor of 156 and t.
12
Let y(k) = -3*k + 4. Let o be y(-3). Let r = -5 + o. Let v(c) = 3*c - 9. Let m be v(7). Calculate the greatest common divisor of m and r.
4
Let a(h) = h**3 - h**2 + 2*h + 10. Let u be a(0). Suppose -6*d = -u*d + 352. What is the highest common divisor of 11 and d?
11
Let g = 108 - 80. What is the greatest common factor of g and 42?
14
Suppose -2*o + 653 = 5*s - 779, 0 = 4*s + 5*o - 1149. What is the highest common divisor of s and 22?
22
Let k be 6*(2/(-7) - (-253)/77). Let q(m) = -82*m - 2. Let r be q(-2). Calculate the highest common factor of k and r.
18
Let i(p) = p**2 - 6*p - 7. Let w be i(7). Suppose -6 = -w*t + 2*t. Let j be -3 - (t - -18)/(-3). What is the highest common factor of 2 and j?
2
Let c be (-4)/22 - 2/(-11). Suppose c = 5*t - 22 - 78. Let v be 4/8*t*1. What is the highest common factor of v and 30?
10
Let t(b) = b**2 + 12*b. Let h be t(-12). Let q be 91 + 8 - (h - -1). Let p = 13 - -1. What is the greatest common factor of q and p?
14
Let c = -109 - -165. Let t(g) = -g**2 + 2*g + 42. Let h be t(7). Calculate the highest common divisor of h and c.
7
Suppose -3*s - 136 = 4*h - 8*h, 4*s = 5*h - 170. What is the highest common divisor of h and 17?
17
Let t = 29 + -23. Let q = 258 - 246. What is the greatest common divisor of q and t?
6
Suppose 5*o = -0*o + 150. Suppose -3*t = 9, t + 29 = 5*w - 74. What is the highest common factor of w and o?
10
Let g be (186/(-30) + 7)*180. What is the highest common factor of 32 and g?
16
Let x be (-6)/5*30400/(-240). What is the greatest common factor of x and 247?
19
Let k be (-48)/10*60/(-8). Let x be 4/(-18) - (-224)/k. Suppose -4*m = -x*m + 4. What is the highest common factor of m and 16?
2
Suppose 5*m - 2*s - 672 = -3*s, -2*s = 5*m - 669. Let b = -1472 - -1487. Calculate the greatest common factor of b and m.
15
Let t = 924 + -876. Calculate the highest common factor of t and 108.
12
Suppose 3*h = h + 44. Let l = 37 - h. Calculate the highest common factor of l and 45.
15
Let h = -77 - -42. Let q = -5 - h. Let o = q + -21. What is the greatest common divisor of 81 and o?
9
Suppose -9 + 11 = t. Let b = -54 - -143. Suppose 28 = c - 4*u, -5*c + b = -3*u - 0*u. Calculate the highest common factor of c and t.
2
Suppose 2*n + 3*n = 45. Let q = -385 + 466. What is the greatest common factor of n and q?
9
Let u be (7584/(-144))/((-3)/45). Calculate the greatest common divisor of u and 1106.
158
Let m(d) = -d**3 + 10*d**2 - d. Let o(h) = -h**3 - 4*h**2 - 6*h - 1. Let c be o(-3). Let i be m(c). What is the greatest common divisor of 15 and i?
15
Let y(k) = -k**2 + 43*k - 128. Let d be y(28). What is the highest common factor of d and 73?
73
Suppose -m + 3*m = w - 246, 2*w = 5*m + 489. Suppose 2*b = 6*b + w. Let l be (-130)/(-18) + 14/b. What is the greatest common factor of 63 and l?
7
Let z(w) = -28*w + 4 + 5 + 19*w. Let g be z(4). Let d = -20 - g. What is the greatest common divisor of 28 and d?
7
Suppose 16 = 4*l - 16. Let z = 128 + -110. Suppose -n = 5*f - z, 8*f + 2*n = 5*f + l. What is the greatest common divisor of f and 4?
4
Let w = 15 - -19. Let p = 235 - 215. Let f = w - p. Calculate the highest common divisor of f and 2.
2
Suppose 0 = -16*b + 145 + 911. What is the greatest common divisor of 22 and b?
22
Suppose f - 1 - 6 = 0. Let v be 2/f - 8880/14. Let h be v/(-18) + 14/(-63). Calculate the highest common factor of h and 5.
5
Let k(w) = w**2 - 12*w + 90. Let v be k(6). What is the greatest common divisor of v and 180?
18
Let u = 1501 - 838. What is the highest common divisor of u and 51?
51
Let r be 65*3 + 1 - (-3 + 1). What is the greatest common factor of r and 36?
18
Let x(q) = 69*q - 40. Let i be x(1). What is the greatest common divisor of i and 464?
29
Suppose -7*x - 29*x = -10080. Calculate the greatest common factor of x and 56.
56
Suppose -1700*t + 980 = -1696*t. What is the greatest common divisor of 700 and t?
35
Let i(z) = -117*z + 1. Let u be i(-3). Suppose x = -3*t - 11, x - 4*t - 2 = 8. Let o be 3/x*128/(-6). What is the highest common factor of o and u?
32
Let t be 180/(5 + -15)*(-50)/4. Calculate the highest common divisor of t and 36.
9
Suppose 0 = 4*y - 5*j - 449 + 460, -2*j + 1 = -5*y. Suppose -3*f + 7 + 26 = 0. Calculate the greatest common factor of f and y.
1